of x and 22?
11
Let z = -309 + 66. Let m = z + 259. What is the highest common factor of 48 and m?
16
Let k(x) = -x + 4. Let z be k(2). Suppose -28*y - 1 + 113 = 0. Suppose -j + 2*o + 3 + 13 = 0, y*o = -3*j + 8. What is the highest common divisor of z and j?
2
Let r(q) = 43*q - 45. Let m be 6*(5 + -11)/(-12). Let j be r(m). Calculate the greatest common factor of 1092 and j.
84
Suppose d + 3*r = 55, -d = 5*r - 4 - 41. Let f be (-9 + -3 + 2)*-2. Suppose -2*l = -l - f. Calculate the highest common factor of d and l.
10
Let c be (0 - (1 + -2)) + 521. Let q = 50198 - 50140. Calculate the greatest common divisor of c and q.
58
Let w = 123 - 117. Suppose 18*j = w*j + 360. What is the greatest common factor of 480 and j?
30
Suppose -3*y + 19 = -17. Suppose 0 = f - 2*a + 13, 2*f - 4*a + 56 = -2*f. Let w = f + 75. Calculate the highest common divisor of w and y.
12
Let t be 1/(3/36)*5/((-130)/(-5759)). Calculate the highest common factor of t and 6.
6
Let j = 572 + -265. Let v = 431 - j. Calculate the highest common factor of 31 and v.
31
Suppose -24 = 9*w - 10*w. Suppose w*s = 131 + 1597. Calculate the highest common factor of s and 180.
36
Suppose u + 9*k - 1 = 8*k, 3*u + k = 1. Suppose 0 = -2*j - 3*j + 4*c + 320, 3*j + 4*c - 160 = u. What is the greatest common factor of 75 and j?
15
Let o = -11689 + 11773. Calculate the highest common factor of 9156 and o.
84
Suppose -36*g = -22*g - 70. Suppose -d + 65 = 2*u, 0 = -3*d - 0*u - g*u + 200. Calculate the highest common divisor of d and 50.
25
Suppose -37*l + 1505 = -32*l. Let h = l - 256. Calculate the highest common factor of h and 165.
15
Let l = -1 - -1. Suppose 0 = -l*a - 3*a + 21. Let t be (-5)/((-195)/(-364))*-6. What is the greatest common factor of t and a?
7
Let v = -9 + 11. Suppose 12 = -3*b - 0*b, 0 = 5*g + v*b - 752. Suppose 21*c - n - 53 = 18*c, 4*n = -3*c + 73. What is the highest common divisor of g and c?
19
Let a(x) = 1340*x + 10610. Let c be a(9). What is the greatest common divisor of c and 10?
10
Suppose -5*r + 5*f + 2791 = -19, -r = -3*f - 586. Let g(a) = 2*a**3 + a**2 - 5*a + 2. Let n be g(3). Calculate the highest common divisor of r and n.
50
Suppose 225*i + 93*i - 74096 = 402904. Calculate the highest common factor of i and 144.
12
Suppose 568029 - 209055 = 294*c. What is the highest common divisor of 111 and c?
111
Suppose 19*c + 51*c + 300 - 1420 = 0. Calculate the highest common factor of 4208 and c.
16
Let x(n) = -16*n + 1. Let b be x(-1). Suppose u = -f + b, 0*f + 68 = 4*u - 4*f. Let t = 41 - u. What is the greatest common factor of 32 and t?
8
Suppose 11109 = 77*r - 210. Let k be 10/5*(-1 + 5*10). Calculate the greatest common divisor of k and r.
49
Let g(x) = -10*x - 99. Let p be g(-11). Suppose 3*v = 143 - 140. What is the greatest common factor of v and p?
1
Let f = 47766 - 47743. What is the highest common divisor of 15157 and f?
23
Suppose -5*p + 2 + 13 = 0. Suppose 0 = p*g + 39 - 54. Suppose g*t = 8*t - 105. What is the greatest common factor of 280 and t?
35
Let b be (42/(-12))/((-2)/4). Let i be 18*(46/6 + b/(-21)). Suppose 18 = 2*a - 2*o, 0 = -5*a + a - 2*o + 54. Calculate the greatest common divisor of a and i.
12
Let o be 214/7 + 16/(-28). Suppose -1100*t - 264 = -1111*t. What is the highest common divisor of t and o?
6
Let d = 204 - 206. Let h be 134 + 2*d/4. What is the highest common factor of 19 and h?
19
Suppose -240*t = -238*t - 4*f - 20, 4*t = 3*f + 20. What is the highest common divisor of 178 and t?
2
Let j = 7594 + -7557. Calculate the greatest common factor of 1813 and j.
37
Let w(r) = 21*r + 19. Let l be w(5). Let d = l + -88. Calculate the greatest common factor of 144 and d.
36
Let f = -11863 - -12303. What is the greatest common divisor of 506 and f?
22
Let y = 3551 + -3527. What is the highest common factor of 3352 and y?
8
Let b be (29/(-87))/((-10)/18)*(9 - -21). What is the greatest common divisor of b and 464?
2
Let x = -2226 - -6244. What is the highest common factor of x and 41?
41
Suppose -1069*i + 1064*i + 2*s = -453, 0 = 2*i + 5*s - 187. Calculate the highest common factor of 2093 and i.
91
Let u(j) = -4*j + 42. Let t be u(10). Suppose 0*g + g + t*s = 18, 4*g - 2*s - 22 = 0. Suppose 2*z - 52 = -g. Calculate the highest common factor of z and 110.
22
Let n = -114 - -122. Suppose -2*o - 4*g = 0, 3*o - n*g - 40 = -4*g. What is the greatest common factor of 104 and o?
8
Let g be ((-371)/3)/(57/(-684)). What is the highest common factor of g and 280?
28
Suppose -2*l - 8*q = -10*q - 2622, l = -4*q + 1311. What is the greatest common divisor of 19 and l?
19
Suppose -88 = -10*u + 32. Let d be 19/1 + u/(-3). Suppose 4*g - m - 484 = 0, -3*m = 4*g + g - 588. What is the highest common divisor of d and g?
15
Suppose 8144*g - 17200 = 8136*g - 728. What is the highest common divisor of 464 and g?
29
Suppose 2*o = -3 - 1, 0 = -5*b - 4*o + 722. Let q = b - 116. Calculate the greatest common divisor of 90 and q.
30
Let y(l) = -l + 20. Let j = -88 - -92. Suppose -3 = -5*w + j*g + 22, 4*w - 3*g = 20. Let c be y(w). What is the highest common divisor of 255 and c?
15
Let o = -28 - -30. Let w be 196/24 + 1/(-6). Calculate the greatest common factor of o and w.
2
Let s = 939 + -444. Let u be s/12 - 12/48. Calculate the highest common factor of u and 1.
1
Suppose 110 = -5*p + 2045. Let b be 4/(-8) - 3/((-42)/(-2191)). Let i = -114 - b. What is the highest common divisor of i and p?
43
Let m(s) = s**2 + 3*s - 4. Let y be (30/24)/(2/(-8)). Let h be m(y). Suppose h = 2*o - 72. What is the highest common factor of o and 13?
13
Suppose 0 = 316*n - 157*n - 18285. Calculate the highest common divisor of n and 1265.
115
Suppose 129030 = -22*v + 154330. Calculate the greatest common factor of v and 225.
25
Suppose -6 = -2*v - v. Suppose 0 = s - v - 2. Suppose 9*a + 36 = 4*y + 12*a, 0 = -2*y - a + 20. What is the highest common factor of y and s?
4
Suppose -g + 54 = 5*t - 400, -2*t = -4*g - 164. Calculate the greatest common divisor of 3870 and t.
90
Let v = 1062 - 797. Let k(m) = 2*m**2 + 2*m - 7. Let c = -15 - -20. Let z be k(c). What is the highest common divisor of v and z?
53
Let l be (-2 - -3)*(-2)/(-1) + -18 + 10168. What is the highest common factor of 18 and l?
18
Let n be 1/1 - (3 + -15). Let z be (14 - 2)/(-3) + 9 + 6. Let t = n - z. What is the highest common divisor of 1 and t?
1
Let z(c) = -19*c**2 - c + 9*c - 26 - c**3 + 2*c**3 + 0*c. Let s be z(19). What is the greatest common factor of 14 and s?
14
Suppose -101 = -10*p + 39. Suppose 0 = 3*l + 2*k - 91, 3*l + p - 75 = 4*k. Calculate the highest common divisor of l and 18.
9
Let h be 2/15 - (-814)/(-30). Let n be ((-6)/(-54))/((-3)/h). What is the greatest common divisor of n and 22?
1
Suppose -4*k + 6 = -42. Suppose -4 = -2*s + 2. Let c(l) = -l**2 + 4*l. Let n be c(s). What is the highest common divisor of k and n?
3
Suppose 0*d = 2*d + 2*j + 4, 0 = 2*d - 5*j - 10. Suppose 2*i + 3*i + 5*g = 800, -4*i + 5*g + 649 = d. What is the highest common divisor of 23 and i?
23
Let q(x) = 198*x**2 + 7*x + 145. Let f be q(-5). Calculate the highest common divisor of 23 and f.
23
Suppose -134698 - 31196 = 993*x - 999*x. Calculate the highest common factor of x and 43.
43
Let o(y) = -2*y**3 - 2*y**2 + 3*y + 4. Let l be o(-3). Let a(t) = 33*t**2 - 404*t - 406. Let f be a(-1). Calculate the greatest common factor of l and f.
31
Let d(g) = -g**2 - 4*g + 200. Let z(m) = m**2 + 6*m - 201. Let v(r) = 5*d(r) + 6*z(r). Let x be v(9). Calculate the highest common divisor of x and 551.
19
Suppose 0 = 2*w + 5*n - 2, -5*n - 7 = 3. Let d be (-15)/w*72/(-30). What is the highest common divisor of 222 and d?
6
Suppose 5*q - 180 = -5*l, 3*l + 52 = 61. Calculate the highest common divisor of q and 5148.
33
Suppose -73*s + 246302 = 17885. What is the greatest common divisor of 147 and s?
21
Let w(n) = n**2 - 59*n + 993. Let a be w(48). Calculate the highest common divisor of 2945 and a.
155
Let f = 13874 - 8942. What is the greatest common factor of f and 36?
36
Suppose -94*d - 95*d = -193*d + 48. Calculate the highest common divisor of d and 14412.
12
Let f(t) = 4*t + 55. Let s be f(-9). Let i be (1 + -6 + 1)*213/12. Let g = 223 + i. What is the greatest common factor of s and g?
19
Let w = -7703 - -7736. Let r = 8 + -6. Suppose